{"id":2,"date":"2024-12-05T15:10:08","date_gmt":"2024-12-05T15:10:08","guid":{"rendered":"https:\/\/lunara.fi\/?page_id=2"},"modified":"2024-12-10T10:49:14","modified_gmt":"2024-12-10T13:49:14","slug":"sample-page","status":"publish","type":"page","link":"https:\/\/lunara.fi\/?page_id=2","title":{"rendered":"Palvelut"},"content":{"rendered":"\n<p><\/p>\n\n\n\n<p><\/p>\n\n\n\n<div class=\"wp-block-group alignfull has-global-padding is-layout-constrained wp-container-core-group-is-layout-ebee8dc1 wp-block-group-is-layout-constrained\" style=\"margin-top:0;margin-bottom:0;padding-top:var(--wp--preset--spacing--50);padding-bottom:var(--wp--preset--spacing--50)\">\n<div class=\"wp-block-columns alignwide is-layout-flex wp-container-core-columns-is-layout-28f84493 wp-block-columns-is-layout-flex\">\n<div class=\"wp-block-column is-layout-flow wp-block-column-is-layout-flow\">\n<figure class=\"wp-block-image size-full\"><a href=\"https:\/\/lunara.fi\/?attachment_id=11\"><img loading=\"lazy\" decoding=\"async\" width=\"1027\" height=\"310\" src=\"https:\/\/lunara.fi\/wp-content\/uploads\/2024\/12\/valmennuslogo.jpg\" alt=\"\" class=\"wp-image-11\" srcset=\"https:\/\/lunara.fi\/wp-content\/uploads\/2024\/12\/valmennuslogo.jpg 1027w, https:\/\/lunara.fi\/wp-content\/uploads\/2024\/12\/valmennuslogo-300x91.jpg 300w, https:\/\/lunara.fi\/wp-content\/uploads\/2024\/12\/valmennuslogo-1024x309.jpg 1024w, https:\/\/lunara.fi\/wp-content\/uploads\/2024\/12\/valmennuslogo-768x232.jpg 768w\" sizes=\"auto, (max-width: 1027px) 100vw, 1027px\" \/><\/a><\/figure>\n\n\n\n<h3 class=\"wp-block-heading\">&nbsp;<strong>Valosi l\u00f6yt\u00e4misen matka.<\/strong><\/h3>\n\n\n\n<p class=\"has-medium-font-size\">Lunaran tarjoamat valmennukset on omistettu sinulle, joka haluat syvent\u00e4\u00e4 ymm\u00e4rryst\u00e4si itsest\u00e4si, kasvaa ja kukoistaa omassa voimassa. Palveluiden ytimess\u00e4 on sinun hyvinvointisi sek\u00e4 my\u00f6s henkinen kasvu \u2013 askel kerrallaan autan sinua l\u00f6yt\u00e4m\u00e4\u00e4n rauhan, tasapainon ja kirkkauden, joka on jo sis\u00e4ll\u00e4si.&nbsp;<\/p>\n\n\n\n<p class=\"has-medium-font-size\">Valmennus luodaan aina yksil\u00f6llisesti juuri sinun tarpeidesi ja tavoitteiden pohjalta \u2013 yhdess\u00e4 suunnitellen. Voit my\u00f6s valita valmiin valmennus paketin, joka vastaa toiveitasi ja vie sinua kohti unelmiasi. Valinta on sinun. <\/p>\n\n\n\n<p><a href=\"https:\/\/lunara.fi\/?page_id=26\" data-type=\"page\" data-id=\"26\">Lue lis\u00e4\u00e4&#8230;<\/a><\/p>\n<\/div>\n\n\n\n<div class=\"wp-block-column is-layout-flow wp-block-column-is-layout-flow\">\n<figure class=\"wp-block-image size-full\"><a href=\"https:\/\/lunara.fi\/?attachment_id=16\"><img loading=\"lazy\" decoding=\"async\" width=\"1029\" height=\"301\" src=\"https:\/\/lunara.fi\/wp-content\/uploads\/2024\/12\/rentous-2.jpg\" alt=\"\" class=\"wp-image-16\" srcset=\"https:\/\/lunara.fi\/wp-content\/uploads\/2024\/12\/rentous-2.jpg 1029w, https:\/\/lunara.fi\/wp-content\/uploads\/2024\/12\/rentous-2-300x88.jpg 300w, https:\/\/lunara.fi\/wp-content\/uploads\/2024\/12\/rentous-2-1024x300.jpg 1024w, https:\/\/lunara.fi\/wp-content\/uploads\/2024\/12\/rentous-2-768x225.jpg 768w\" sizes=\"auto, (max-width: 1029px) 100vw, 1029px\" \/><\/a><\/figure>\n\n\n\n<h3 class=\"wp-block-heading\"><strong>L\u00f6yd\u00e4 sis\u00e4inen rauhasi syv\u00e4rentoutuksella<\/strong><\/h3>\n\n\n\n<p class=\"has-medium-font-size\">Syv\u00e4rentoutus on tie kehon ja mielen tasapainoon. Kiireisen arjen keskell\u00e4 unohtuu usein pys\u00e4hty\u00e4 ja kuunnella itse\u00e4\u00e4n. Syv\u00e4rentoutus auttaa laskemaan stressitasoja, parantaa unen laatua ja tukee kokonaisvaltaista hyvinvointia.<\/p>\n\n\n\n<p class=\"has-medium-font-size\">Anna itsellesi lupa heng\u00e4ht\u00e4\u00e4 ja lataa voimavarasi uudelleen \u2013 sin\u00e4 ansaitset sen. Tule kokemaan hetki, jossa vain sin\u00e4 ja rauha olette l\u00e4sn\u00e4.<\/p>\n\n\n\n<p><a href=\"https:\/\/lunara.fi\/?page_id=35\" data-type=\"page\" data-id=\"35\">Lue lis\u00e4\u00e4..<\/a><\/p>\n\n\n\n<p class=\"has-medium-font-size\"><\/p>\n<\/div>\n\n\n\n<div class=\"wp-block-column is-layout-flow wp-block-column-is-layout-flow\">\n<figure class=\"wp-block-image size-full\"><a href=\"https:\/\/lunara.fi\/?attachment_id=18\"><img loading=\"lazy\" decoding=\"async\" width=\"1006\" height=\"309\" src=\"https:\/\/lunara.fi\/wp-content\/uploads\/2024\/12\/hoidot-1.jpg\" alt=\"\" class=\"wp-image-18\" srcset=\"https:\/\/lunara.fi\/wp-content\/uploads\/2024\/12\/hoidot-1.jpg 1006w, https:\/\/lunara.fi\/wp-content\/uploads\/2024\/12\/hoidot-1-300x92.jpg 300w, https:\/\/lunara.fi\/wp-content\/uploads\/2024\/12\/hoidot-1-768x236.jpg 768w\" sizes=\"auto, (max-width: 1006px) 100vw, 1006px\" \/><\/a><\/figure>\n\n\n\n<h3 class=\"wp-block-heading\"> <strong>Hoitavia hetki\u00e4 keholle ja mielelle<\/strong><\/h3>\n\n\n\n<p class=\"has-medium-font-size\">Lunaran tarjoamat hoidot ovat lempeit\u00e4 kutsuja sis\u00e4iseen tasapainoon ja kokonaisvaltaiseen hyvinvointiin. Jokainen hoito on suunniteltu tukemaan kehosi ja mielesi luonnollista kyky\u00e4 uudistua, vahvistua ja l\u00f6yt\u00e4\u00e4 rauha. Vy\u00f6hyketerapian syv\u00e4llinen kosketus, aromaterapian rentouttava tuoksumaailma ja homeopatian hienovarainen voima muodostavat yhdess\u00e4 harmonisen matkan kohti kokonaisvaltaista hyvinvointia.<\/p>\n\n\n\n<p class=\"has-medium-font-size\"><a href=\"https:\/\/lunara.fi\/?page_id=31\" data-type=\"page\" data-id=\"31\">Lue lis\u00e4\u00e4&#8230;<\/a><\/p>\n<\/div>\n<\/div>\n\n\n\n<div class=\"wp-block-group alignfull has-base-color has-contrast-background-color has-text-color has-background has-global-padding is-layout-constrained wp-container-core-group-is-layout-ef3d885c wp-block-group-is-layout-constrained\" style=\"margin-top:0;margin-bottom:0;padding-top:var(--wp--preset--spacing--60);padding-right:var(--wp--preset--spacing--60);padding-bottom:var(--wp--preset--spacing--60);padding-left:var(--wp--preset--spacing--60)\">\n<div class=\"wp-block-group has-global-padding is-layout-constrained wp-block-group-is-layout-constrained\">\n<p class=\"has-text-align-center has-base-color has-text-color has-heading-font-family has-x-large-font-size\" style=\"line-height:1.2\">&#8221;El\u00e4m\u00e4n haasteet ovat kuin rumaan lahjapaperiin k\u00e4tkettyj\u00e4 suuria lahjoja \u2013 ne tarjoavat mahdollisuuden syvemp\u00e4\u00e4n ymm\u00e4rrykseen itsest\u00e4mme, toisista ja el\u00e4m\u00e4st\u00e4. Jokainen koettelemus hioo meist\u00e4 ainutlaatuisia timantteja.&#8221;<\/p>\n<\/div>\n<\/div>\n<\/div>\n\n\n\n<p><\/p>\n","protected":false},"excerpt":{"rendered":"<p>&nbsp;Valosi l\u00f6yt\u00e4misen matka. Lunaran tarjoamat valmennukset on omistettu sinulle, joka haluat syvent\u00e4\u00e4 ymm\u00e4rryst\u00e4si itsest\u00e4si, kasvaa ja kukoistaa omassa voimassa. Palveluiden ytimess\u00e4 on sinun hyvinvointisi sek\u00e4 my\u00f6s henkinen kasvu \u2013 askel kerrallaan autan sinua l\u00f6yt\u00e4m\u00e4\u00e4n rauhan, tasapainon ja kirkkauden, joka on jo sis\u00e4ll\u00e4si.&nbsp; Valmennus luodaan aina yksil\u00f6llisesti juuri sinun tarpeidesi ja tavoitteiden pohjalta \u2013 yhdess\u00e4 suunnitellen. [&hellip;]<\/p>\n","protected":false},"author":1,"featured_media":0,"parent":0,"menu_order":0,"comment_status":"closed","ping_status":"open","template":"","meta":{"footnotes":""},"class_list":["post-2","page","type-page","status-publish","hentry"],"yoast_head":"<!-- This site is optimized with the Yoast SEO plugin v27.4 - https:\/\/yoast.com\/product\/yoast-seo-wordpress\/ -->\n<title>Palvelut - Lunara<\/title>\n<meta name=\"robots\" content=\"index, follow, max-snippet:-1, max-image-preview:large, max-video-preview:-1\" \/>\n<link rel=\"canonical\" href=\"https:\/\/lunara.fi\/?page_id=2\" \/>\n<meta property=\"og:locale\" content=\"fi_FI\" \/>\n<meta property=\"og:type\" content=\"article\" \/>\n<meta property=\"og:title\" content=\"Palvelut - Lunara\" \/>\n<meta property=\"og:description\" content=\"&nbsp;Valosi l\u00f6yt\u00e4misen matka. Lunaran tarjoamat valmennukset on omistettu sinulle, joka haluat syvent\u00e4\u00e4 ymm\u00e4rryst\u00e4si itsest\u00e4si, kasvaa ja kukoistaa omassa voimassa. Palveluiden ytimess\u00e4 on sinun hyvinvointisi sek\u00e4 my\u00f6s henkinen kasvu \u2013 askel kerrallaan autan sinua l\u00f6yt\u00e4m\u00e4\u00e4n rauhan, tasapainon ja kirkkauden, joka on jo sis\u00e4ll\u00e4si.&nbsp; Valmennus luodaan aina yksil\u00f6llisesti juuri sinun tarpeidesi ja tavoitteiden pohjalta \u2013 yhdess\u00e4 suunnitellen. [&hellip;]\" \/>\n<meta property=\"og:url\" content=\"https:\/\/lunara.fi\/?page_id=2\" \/>\n<meta property=\"og:site_name\" content=\"Lunara\" \/>\n<meta property=\"article:modified_time\" content=\"2024-12-10T13:49:14+00:00\" \/>\n<meta property=\"og:image\" content=\"https:\/\/lunara.fi\/wp-content\/uploads\/2024\/12\/valmennuslogo.jpg\" \/>\n\t<meta property=\"og:image:width\" content=\"1027\" \/>\n\t<meta property=\"og:image:height\" content=\"310\" \/>\n\t<meta property=\"og:image:type\" content=\"image\/jpeg\" \/>\n<meta name=\"twitter:card\" content=\"summary_large_image\" \/>\n<meta name=\"twitter:label1\" content=\"Arvioitu lukuaika\" \/>\n\t<meta name=\"twitter:data1\" content=\"1 minuutti\" \/>\n<script type=\"application\/ld+json\" class=\"yoast-schema-graph\">{\"@context\":\"https:\\\/\\\/schema.org\",\"@graph\":[{\"@type\":\"WebPage\",\"@id\":\"https:\\\/\\\/lunara.fi\\\/?page_id=2\",\"url\":\"https:\\\/\\\/lunara.fi\\\/?page_id=2\",\"name\":\"Palvelut - Lunara\",\"isPartOf\":{\"@id\":\"https:\\\/\\\/lunara.fi\\\/#website\"},\"primaryImageOfPage\":{\"@id\":\"https:\\\/\\\/lunara.fi\\\/?page_id=2#primaryimage\"},\"image\":{\"@id\":\"https:\\\/\\\/lunara.fi\\\/?page_id=2#primaryimage\"},\"thumbnailUrl\":\"https:\\\/\\\/lunara.fi\\\/wp-content\\\/uploads\\\/2024\\\/12\\\/valmennuslogo.jpg\",\"datePublished\":\"2024-12-05T15:10:08+00:00\",\"dateModified\":\"2024-12-10T13:49:14+00:00\",\"breadcrumb\":{\"@id\":\"https:\\\/\\\/lunara.fi\\\/?page_id=2#breadcrumb\"},\"inLanguage\":\"fi\",\"potentialAction\":[{\"@type\":\"ReadAction\",\"target\":[\"https:\\\/\\\/lunara.fi\\\/?page_id=2\"]}]},{\"@type\":\"ImageObject\",\"inLanguage\":\"fi\",\"@id\":\"https:\\\/\\\/lunara.fi\\\/?page_id=2#primaryimage\",\"url\":\"https:\\\/\\\/lunara.fi\\\/wp-content\\\/uploads\\\/2024\\\/12\\\/valmennuslogo.jpg\",\"contentUrl\":\"https:\\\/\\\/lunara.fi\\\/wp-content\\\/uploads\\\/2024\\\/12\\\/valmennuslogo.jpg\",\"width\":1027,\"height\":310},{\"@type\":\"BreadcrumbList\",\"@id\":\"https:\\\/\\\/lunara.fi\\\/?page_id=2#breadcrumb\",\"itemListElement\":[{\"@type\":\"ListItem\",\"position\":1,\"name\":\"Etusivu\",\"item\":\"https:\\\/\\\/lunara.fi\\\/\"},{\"@type\":\"ListItem\",\"position\":2,\"name\":\"Palvelut\"}]},{\"@type\":\"WebSite\",\"@id\":\"https:\\\/\\\/lunara.fi\\\/#website\",\"url\":\"https:\\\/\\\/lunara.fi\\\/\",\"name\":\"Lunara\",\"description\":\"Tie rauhaan ja tasapainoon\",\"publisher\":{\"@id\":\"https:\\\/\\\/lunara.fi\\\/#organization\"},\"potentialAction\":[{\"@type\":\"SearchAction\",\"target\":{\"@type\":\"EntryPoint\",\"urlTemplate\":\"https:\\\/\\\/lunara.fi\\\/?s={search_term_string}\"},\"query-input\":{\"@type\":\"PropertyValueSpecification\",\"valueRequired\":true,\"valueName\":\"search_term_string\"}}],\"inLanguage\":\"fi\"},{\"@type\":\"Organization\",\"@id\":\"https:\\\/\\\/lunara.fi\\\/#organization\",\"name\":\"Lunara\",\"url\":\"https:\\\/\\\/lunara.fi\\\/\",\"logo\":{\"@type\":\"ImageObject\",\"inLanguage\":\"fi\",\"@id\":\"https:\\\/\\\/lunara.fi\\\/#\\\/schema\\\/logo\\\/image\\\/\",\"url\":\"https:\\\/\\\/lunara.fi\\\/wp-content\\\/uploads\\\/2024\\\/12\\\/logo.jpg\",\"contentUrl\":\"https:\\\/\\\/lunara.fi\\\/wp-content\\\/uploads\\\/2024\\\/12\\\/logo.jpg\",\"width\":513,\"height\":481,\"caption\":\"Lunara\"},\"image\":{\"@id\":\"https:\\\/\\\/lunara.fi\\\/#\\\/schema\\\/logo\\\/image\\\/\"}}]}<\/script>\n<!-- \/ Yoast SEO plugin. -->","yoast_head_json":{"title":"Palvelut - Lunara","robots":{"index":"index","follow":"follow","max-snippet":"max-snippet:-1","max-image-preview":"max-image-preview:large","max-video-preview":"max-video-preview:-1"},"canonical":"https:\/\/lunara.fi\/?page_id=2","og_locale":"fi_FI","og_type":"article","og_title":"Palvelut - Lunara","og_description":"&nbsp;Valosi l\u00f6yt\u00e4misen matka. Lunaran tarjoamat valmennukset on omistettu sinulle, joka haluat syvent\u00e4\u00e4 ymm\u00e4rryst\u00e4si itsest\u00e4si, kasvaa ja kukoistaa omassa voimassa. Palveluiden ytimess\u00e4 on sinun hyvinvointisi sek\u00e4 my\u00f6s henkinen kasvu \u2013 askel kerrallaan autan sinua l\u00f6yt\u00e4m\u00e4\u00e4n rauhan, tasapainon ja kirkkauden, joka on jo sis\u00e4ll\u00e4si.&nbsp; Valmennus luodaan aina yksil\u00f6llisesti juuri sinun tarpeidesi ja tavoitteiden pohjalta \u2013 yhdess\u00e4 suunnitellen. [&hellip;]","og_url":"https:\/\/lunara.fi\/?page_id=2","og_site_name":"Lunara","article_modified_time":"2024-12-10T13:49:14+00:00","og_image":[{"width":1027,"height":310,"url":"https:\/\/lunara.fi\/wp-content\/uploads\/2024\/12\/valmennuslogo.jpg","type":"image\/jpeg"}],"twitter_card":"summary_large_image","twitter_misc":{"Arvioitu lukuaika":"1 minuutti"},"schema":{"@context":"https:\/\/schema.org","@graph":[{"@type":"WebPage","@id":"https:\/\/lunara.fi\/?page_id=2","url":"https:\/\/lunara.fi\/?page_id=2","name":"Palvelut - Lunara","isPartOf":{"@id":"https:\/\/lunara.fi\/#website"},"primaryImageOfPage":{"@id":"https:\/\/lunara.fi\/?page_id=2#primaryimage"},"image":{"@id":"https:\/\/lunara.fi\/?page_id=2#primaryimage"},"thumbnailUrl":"https:\/\/lunara.fi\/wp-content\/uploads\/2024\/12\/valmennuslogo.jpg","datePublished":"2024-12-05T15:10:08+00:00","dateModified":"2024-12-10T13:49:14+00:00","breadcrumb":{"@id":"https:\/\/lunara.fi\/?page_id=2#breadcrumb"},"inLanguage":"fi","potentialAction":[{"@type":"ReadAction","target":["https:\/\/lunara.fi\/?page_id=2"]}]},{"@type":"ImageObject","inLanguage":"fi","@id":"https:\/\/lunara.fi\/?page_id=2#primaryimage","url":"https:\/\/lunara.fi\/wp-content\/uploads\/2024\/12\/valmennuslogo.jpg","contentUrl":"https:\/\/lunara.fi\/wp-content\/uploads\/2024\/12\/valmennuslogo.jpg","width":1027,"height":310},{"@type":"BreadcrumbList","@id":"https:\/\/lunara.fi\/?page_id=2#breadcrumb","itemListElement":[{"@type":"ListItem","position":1,"name":"Etusivu","item":"https:\/\/lunara.fi\/"},{"@type":"ListItem","position":2,"name":"Palvelut"}]},{"@type":"WebSite","@id":"https:\/\/lunara.fi\/#website","url":"https:\/\/lunara.fi\/","name":"Lunara","description":"Tie rauhaan ja tasapainoon","publisher":{"@id":"https:\/\/lunara.fi\/#organization"},"potentialAction":[{"@type":"SearchAction","target":{"@type":"EntryPoint","urlTemplate":"https:\/\/lunara.fi\/?s={search_term_string}"},"query-input":{"@type":"PropertyValueSpecification","valueRequired":true,"valueName":"search_term_string"}}],"inLanguage":"fi"},{"@type":"Organization","@id":"https:\/\/lunara.fi\/#organization","name":"Lunara","url":"https:\/\/lunara.fi\/","logo":{"@type":"ImageObject","inLanguage":"fi","@id":"https:\/\/lunara.fi\/#\/schema\/logo\/image\/","url":"https:\/\/lunara.fi\/wp-content\/uploads\/2024\/12\/logo.jpg","contentUrl":"https:\/\/lunara.fi\/wp-content\/uploads\/2024\/12\/logo.jpg","width":513,"height":481,"caption":"Lunara"},"image":{"@id":"https:\/\/lunara.fi\/#\/schema\/logo\/image\/"}}]}},"_links":{"self":[{"href":"https:\/\/lunara.fi\/index.php?rest_route=\/wp\/v2\/pages\/2","targetHints":{"allow":["GET"]}}],"collection":[{"href":"https:\/\/lunara.fi\/index.php?rest_route=\/wp\/v2\/pages"}],"about":[{"href":"https:\/\/lunara.fi\/index.php?rest_route=\/wp\/v2\/types\/page"}],"author":[{"embeddable":true,"href":"https:\/\/lunara.fi\/index.php?rest_route=\/wp\/v2\/users\/1"}],"replies":[{"embeddable":true,"href":"https:\/\/lunara.fi\/index.php?rest_route=%2Fwp%2Fv2%2Fcomments&post=2"}],"version-history":[{"count":17,"href":"https:\/\/lunara.fi\/index.php?rest_route=\/wp\/v2\/pages\/2\/revisions"}],"predecessor-version":[{"id":203,"href":"https:\/\/lunara.fi\/index.php?rest_route=\/wp\/v2\/pages\/2\/revisions\/203"}],"wp:attachment":[{"href":"https:\/\/lunara.fi\/index.php?rest_route=%2Fwp%2Fv2%2Fmedia&parent=2"}],"curies":[{"name":"wp","href":"https:\/\/api.w.org\/{rel}","templated":true}]}}