{"id":231,"date":"2024-12-12T11:07:37","date_gmt":"2024-12-12T14:07:37","guid":{"rendered":"https:\/\/lunara.fi\/?page_id=231"},"modified":"2025-11-04T13:33:14","modified_gmt":"2025-11-04T16:33:14","slug":"voimavaravinkit","status":"publish","type":"page","link":"https:\/\/lunara.fi\/?page_id=231","title":{"rendered":"Blogi"},"content":{"rendered":"\n<p><a href=\"https:\/\/lunara.fi\/?page_id=363\">Mietteit\u00e4 el\u00e4m\u00e4st\u00e4 7.10.2025<\/a><\/p>\n\n\n\n<p><a href=\"https:\/\/lunara.fi\/?page_id=359\">Luovan maalauksen ilta kahvila viinibaari Stiflassa 27.9.2025<\/a><\/p>\n\n\n\n<p><a href=\"https:\/\/lunara.fi\/?page_id=348\">Enkelit vierell\u00e4mme ty\u00f6pajan tunnelmia<\/a> 20.9.2025<\/p>\n\n\n\n<p><a href=\"https:\/\/lunara.fi\/?page_id=340\">Luovaa maalausta kulttuurikeskus Sofiassa 4.9 ja 11.9.2025<\/a><\/p>\n\n\n\n<p><a href=\"https:\/\/lunara.fi\/?p=227\">Siirtym\u00e4 suorittamisesta dopamiinihakuiseen el\u00e4m\u00e4\u00e4n<\/a> <\/p>\n\n\n\n<p><a href=\"https:\/\/lunara.fi\/?p=240\">Muuta uskomuksesi, muuta el\u00e4m\u00e4si<\/a> (1.1.2025)<\/p>\n\n\n\n<p><a href=\"https:\/\/lunara.fi\/?page_id=264\" data-type=\"link\" data-id=\"https:\/\/lunara.fi\/?page_id=264\">Ole avoin kuun salaisuuksille ja unelmiesi voimalle (1.2.2025)<\/a><\/p>\n\n\n\n<p><a href=\"https:\/\/lunara.fi\/?p=277\">Kehosi kuuntelee sinua \u2013 mit\u00e4 sill\u00e4 on kerrottavana? (10.2.2025) <\/a><\/p>\n\n\n\n<p><a href=\"https:\/\/lunara.fi\/?p=283\">Sinun ainutlaatuinen j\u00e4lkesi maailmassa (10.2.2025 )<\/a><\/p>\n\n\n\n<p><a href=\"https:\/\/lunara.fi\/?p=287\">Alkuper\u00e4iskansojen viisaus \u2013 tasapainoa, yhteis\u00f6llisyytt\u00e4 ja luonnollista hyvinvointia (10.2.2025)<\/a> <\/p>\n\n\n\n<p><a href=\"https:\/\/lunara.fi\/?p=293\">Rakkaus \u2013 el\u00e4m\u00e4n suurin voima<\/a> (14.2.2025)<\/p>\n","protected":false},"excerpt":{"rendered":"<p>Mietteit\u00e4 el\u00e4m\u00e4st\u00e4 7.10.2025 Luovan maalauksen ilta kahvila viinibaari Stiflassa 27.9.2025 Enkelit vierell\u00e4mme ty\u00f6pajan tunnelmia 20.9.2025 Luovaa maalausta kulttuurikeskus Sofiassa 4.9 ja 11.9.2025 Siirtym\u00e4 suorittamisesta dopamiinihakuiseen el\u00e4m\u00e4\u00e4n Muuta uskomuksesi, muuta el\u00e4m\u00e4si (1.1.2025) Ole avoin kuun salaisuuksille ja unelmiesi voimalle (1.2.2025) Kehosi kuuntelee sinua \u2013 mit\u00e4 sill\u00e4 on kerrottavana? (10.2.2025) Sinun ainutlaatuinen j\u00e4lkesi maailmassa (10.2.2025 ) Alkuper\u00e4iskansojen [&hellip;]<\/p>\n","protected":false},"author":1,"featured_media":0,"parent":0,"menu_order":0,"comment_status":"closed","ping_status":"closed","template":"","meta":{"footnotes":""},"class_list":["post-231","page","type-page","status-publish","hentry"],"yoast_head":"<!-- This site is optimized with the Yoast SEO plugin v27.4 - https:\/\/yoast.com\/product\/yoast-seo-wordpress\/ -->\n<title>Blogi - Lunara<\/title>\n<meta name=\"robots\" content=\"index, follow, max-snippet:-1, max-image-preview:large, max-video-preview:-1\" \/>\n<link rel=\"canonical\" href=\"https:\/\/lunara.fi\/?page_id=231\" \/>\n<meta property=\"og:locale\" content=\"fi_FI\" \/>\n<meta property=\"og:type\" content=\"article\" \/>\n<meta property=\"og:title\" content=\"Blogi - Lunara\" \/>\n<meta property=\"og:description\" content=\"Mietteit\u00e4 el\u00e4m\u00e4st\u00e4 7.10.2025 Luovan maalauksen ilta kahvila viinibaari Stiflassa 27.9.2025 Enkelit vierell\u00e4mme ty\u00f6pajan tunnelmia 20.9.2025 Luovaa maalausta kulttuurikeskus Sofiassa 4.9 ja 11.9.2025 Siirtym\u00e4 suorittamisesta dopamiinihakuiseen el\u00e4m\u00e4\u00e4n Muuta uskomuksesi, muuta el\u00e4m\u00e4si (1.1.2025) Ole avoin kuun salaisuuksille ja unelmiesi voimalle (1.2.2025) Kehosi kuuntelee sinua \u2013 mit\u00e4 sill\u00e4 on kerrottavana? (10.2.2025) Sinun ainutlaatuinen j\u00e4lkesi maailmassa (10.2.2025 ) Alkuper\u00e4iskansojen [&hellip;]\" \/>\n<meta property=\"og:url\" content=\"https:\/\/lunara.fi\/?page_id=231\" \/>\n<meta property=\"og:site_name\" content=\"Lunara\" \/>\n<meta property=\"article:modified_time\" content=\"2025-11-04T16:33:14+00:00\" \/>\n<meta name=\"twitter:card\" content=\"summary_large_image\" \/>\n<meta name=\"twitter:label1\" content=\"Arvioitu lukuaika\" \/>\n\t<meta name=\"twitter:data1\" content=\"1 minuutti\" \/>\n<script type=\"application\/ld+json\" class=\"yoast-schema-graph\">{\"@context\":\"https:\\\/\\\/schema.org\",\"@graph\":[{\"@type\":\"WebPage\",\"@id\":\"https:\\\/\\\/lunara.fi\\\/?page_id=231\",\"url\":\"https:\\\/\\\/lunara.fi\\\/?page_id=231\",\"name\":\"Blogi - Lunara\",\"isPartOf\":{\"@id\":\"https:\\\/\\\/lunara.fi\\\/#website\"},\"datePublished\":\"2024-12-12T14:07:37+00:00\",\"dateModified\":\"2025-11-04T16:33:14+00:00\",\"breadcrumb\":{\"@id\":\"https:\\\/\\\/lunara.fi\\\/?page_id=231#breadcrumb\"},\"inLanguage\":\"fi\",\"potentialAction\":[{\"@type\":\"ReadAction\",\"target\":[\"https:\\\/\\\/lunara.fi\\\/?page_id=231\"]}]},{\"@type\":\"BreadcrumbList\",\"@id\":\"https:\\\/\\\/lunara.fi\\\/?page_id=231#breadcrumb\",\"itemListElement\":[{\"@type\":\"ListItem\",\"position\":1,\"name\":\"Etusivu\",\"item\":\"https:\\\/\\\/lunara.fi\\\/\"},{\"@type\":\"ListItem\",\"position\":2,\"name\":\"Blogi\"}]},{\"@type\":\"WebSite\",\"@id\":\"https:\\\/\\\/lunara.fi\\\/#website\",\"url\":\"https:\\\/\\\/lunara.fi\\\/\",\"name\":\"Lunara\",\"description\":\"Tie rauhaan ja tasapainoon\",\"publisher\":{\"@id\":\"https:\\\/\\\/lunara.fi\\\/#organization\"},\"potentialAction\":[{\"@type\":\"SearchAction\",\"target\":{\"@type\":\"EntryPoint\",\"urlTemplate\":\"https:\\\/\\\/lunara.fi\\\/?s={search_term_string}\"},\"query-input\":{\"@type\":\"PropertyValueSpecification\",\"valueRequired\":true,\"valueName\":\"search_term_string\"}}],\"inLanguage\":\"fi\"},{\"@type\":\"Organization\",\"@id\":\"https:\\\/\\\/lunara.fi\\\/#organization\",\"name\":\"Lunara\",\"url\":\"https:\\\/\\\/lunara.fi\\\/\",\"logo\":{\"@type\":\"ImageObject\",\"inLanguage\":\"fi\",\"@id\":\"https:\\\/\\\/lunara.fi\\\/#\\\/schema\\\/logo\\\/image\\\/\",\"url\":\"https:\\\/\\\/lunara.fi\\\/wp-content\\\/uploads\\\/2024\\\/12\\\/logo.jpg\",\"contentUrl\":\"https:\\\/\\\/lunara.fi\\\/wp-content\\\/uploads\\\/2024\\\/12\\\/logo.jpg\",\"width\":513,\"height\":481,\"caption\":\"Lunara\"},\"image\":{\"@id\":\"https:\\\/\\\/lunara.fi\\\/#\\\/schema\\\/logo\\\/image\\\/\"}}]}<\/script>\n<!-- \/ Yoast SEO plugin. -->","yoast_head_json":{"title":"Blogi - Lunara","robots":{"index":"index","follow":"follow","max-snippet":"max-snippet:-1","max-image-preview":"max-image-preview:large","max-video-preview":"max-video-preview:-1"},"canonical":"https:\/\/lunara.fi\/?page_id=231","og_locale":"fi_FI","og_type":"article","og_title":"Blogi - Lunara","og_description":"Mietteit\u00e4 el\u00e4m\u00e4st\u00e4 7.10.2025 Luovan maalauksen ilta kahvila viinibaari Stiflassa 27.9.2025 Enkelit vierell\u00e4mme ty\u00f6pajan tunnelmia 20.9.2025 Luovaa maalausta kulttuurikeskus Sofiassa 4.9 ja 11.9.2025 Siirtym\u00e4 suorittamisesta dopamiinihakuiseen el\u00e4m\u00e4\u00e4n Muuta uskomuksesi, muuta el\u00e4m\u00e4si (1.1.2025) Ole avoin kuun salaisuuksille ja unelmiesi voimalle (1.2.2025) Kehosi kuuntelee sinua \u2013 mit\u00e4 sill\u00e4 on kerrottavana? (10.2.2025) Sinun ainutlaatuinen j\u00e4lkesi maailmassa (10.2.2025 ) Alkuper\u00e4iskansojen [&hellip;]","og_url":"https:\/\/lunara.fi\/?page_id=231","og_site_name":"Lunara","article_modified_time":"2025-11-04T16:33:14+00:00","twitter_card":"summary_large_image","twitter_misc":{"Arvioitu lukuaika":"1 minuutti"},"schema":{"@context":"https:\/\/schema.org","@graph":[{"@type":"WebPage","@id":"https:\/\/lunara.fi\/?page_id=231","url":"https:\/\/lunara.fi\/?page_id=231","name":"Blogi - Lunara","isPartOf":{"@id":"https:\/\/lunara.fi\/#website"},"datePublished":"2024-12-12T14:07:37+00:00","dateModified":"2025-11-04T16:33:14+00:00","breadcrumb":{"@id":"https:\/\/lunara.fi\/?page_id=231#breadcrumb"},"inLanguage":"fi","potentialAction":[{"@type":"ReadAction","target":["https:\/\/lunara.fi\/?page_id=231"]}]},{"@type":"BreadcrumbList","@id":"https:\/\/lunara.fi\/?page_id=231#breadcrumb","itemListElement":[{"@type":"ListItem","position":1,"name":"Etusivu","item":"https:\/\/lunara.fi\/"},{"@type":"ListItem","position":2,"name":"Blogi"}]},{"@type":"WebSite","@id":"https:\/\/lunara.fi\/#website","url":"https:\/\/lunara.fi\/","name":"Lunara","description":"Tie rauhaan ja tasapainoon","publisher":{"@id":"https:\/\/lunara.fi\/#organization"},"potentialAction":[{"@type":"SearchAction","target":{"@type":"EntryPoint","urlTemplate":"https:\/\/lunara.fi\/?s={search_term_string}"},"query-input":{"@type":"PropertyValueSpecification","valueRequired":true,"valueName":"search_term_string"}}],"inLanguage":"fi"},{"@type":"Organization","@id":"https:\/\/lunara.fi\/#organization","name":"Lunara","url":"https:\/\/lunara.fi\/","logo":{"@type":"ImageObject","inLanguage":"fi","@id":"https:\/\/lunara.fi\/#\/schema\/logo\/image\/","url":"https:\/\/lunara.fi\/wp-content\/uploads\/2024\/12\/logo.jpg","contentUrl":"https:\/\/lunara.fi\/wp-content\/uploads\/2024\/12\/logo.jpg","width":513,"height":481,"caption":"Lunara"},"image":{"@id":"https:\/\/lunara.fi\/#\/schema\/logo\/image\/"}}]}},"_links":{"self":[{"href":"https:\/\/lunara.fi\/index.php?rest_route=\/wp\/v2\/pages\/231","targetHints":{"allow":["GET"]}}],"collection":[{"href":"https:\/\/lunara.fi\/index.php?rest_route=\/wp\/v2\/pages"}],"about":[{"href":"https:\/\/lunara.fi\/index.php?rest_route=\/wp\/v2\/types\/page"}],"author":[{"embeddable":true,"href":"https:\/\/lunara.fi\/index.php?rest_route=\/wp\/v2\/users\/1"}],"replies":[{"embeddable":true,"href":"https:\/\/lunara.fi\/index.php?rest_route=%2Fwp%2Fv2%2Fcomments&post=231"}],"version-history":[{"count":19,"href":"https:\/\/lunara.fi\/index.php?rest_route=\/wp\/v2\/pages\/231\/revisions"}],"predecessor-version":[{"id":367,"href":"https:\/\/lunara.fi\/index.php?rest_route=\/wp\/v2\/pages\/231\/revisions\/367"}],"wp:attachment":[{"href":"https:\/\/lunara.fi\/index.php?rest_route=%2Fwp%2Fv2%2Fmedia&parent=231"}],"curies":[{"name":"wp","href":"https:\/\/api.w.org\/{rel}","templated":true}]}}